 is divided by 87.
85
What is the remainder when 76 is divided by 21?
13
Calculate the remainder when 97 is divided by 9.
7
Calculate the remainder when 23206 is divided by 23.
22
Calculate the remainder when 613 is divided by 154.
151
Calculate the remainder when 105 is divided by 56.
49
What is the remainder when 215 is divided by 74?
67
Calculate the remainder when 7955 is divided by 117.
116
What is the remainder when 1847 is divided by 11?
10
Calculate the remainder when 291 is divided by 98.
95
Calculate the remainder when 142 is divided by 24.
22
What is the remainder when 5175 is divided by 140?
135
What is the remainder when 1005 is divided by 209?
169
Calculate the remainder when 96 is divided by 32.
0
What is the remainder when 932 is divided by 288?
68
Calculate the remainder when 887 is divided by 37.
36
What is the remainder when 3871 is divided by 13?
10
Calculate the remainder when 313 is divided by 20.
13
Calculate the remainder when 211 is divided by 31.
25
What is the remainder when 798 is divided by 20?
18
Calculate the remainder when 149 is divided by 27.
14
What is the remainder when 668 is divided by 173?
149
What is the remainder when 199 is divided by 104?
95
Calculate the remainder when 79 is divided by 14.
9
What is the remainder when 151 is divided by 27?
16
Calculate the remainder when 2275 is divided by 69.
67
What is the remainder when 600 is divided by 14?
12
What is the remainder when 149 is divided by 47?
8
What is the remainder when 96 is divided by 44?
8
Calculate the remainder when 30258 is divided by 170.
168
Calculate the remainder when 202 is divided by 43.
30
Calculate the remainder when 124 is divided by 55.
14
Calculate the remainder when 127 is divided by 33.
28
Calculate the remainder when 1172 is divided by 275.
72
What is the remainder when 1108 is divided by 111?
109
Calculate the remainder when 2183 is divided by 19.
17
What is the remainder when 51 is divided by 40?
11
What is the remainder when 110 is divided by 61?
49
Calculate the remainder when 217 is divided by 33.
19
What is the remainder when 1317 is divided by 10?
7
Calculate the remainder when 4086 is divided by 28.
26
Calculate the remainder when 6811 is divided by 4.
3
What is the remainder when 114 is divided by 42?
30
Calculate the remainder when 39 is divided by 33.
6
Calculate the remainder when 153 is divided by 40.
33
What is the remainder when 5529 is divided by 2763?
3
Calculate the remainder when 645 is divided by 30.
15
What is the remainder when 4753 is divided by 58?
55
What is the remainder when 1011 is divided by 216?
147
Calculate the remainder when 358 is divided by 9.
7
Calculate the remainder when 1414 is divided by 24.
22
Calculate the remainder when 11805 is divided by 48.
45
What is the remainder when 79 is divided by 45?
34
What is the remainder when 23991 is divided by 31?
28
Calculate the remainder when 154 is divided by 13.
11
Calculate the remainder when 662 is divided by 13.
12
Calculate the remainder when 164 is divided by 34.
28
What is the remainder when 466 is divided by 26?
24
Calculate the remainder when 124 is divided by 71.
53
Calculate the remainder when 35 is divided by 12.
11
What is the remainder when 103 is divided by 26?
25
Calculate the remainder when 212 is divided by 201.
11
What is the remainder when 150 is divided by 143?
7
Calculate the remainder when 1318 is divided by 266.
254
Calculate the remainder when 4 is divided by 2.
0
What is the remainder when 2670 is divided by 1330?
10
Calculate the remainder when 89 is divided by 7.
5
Calculate the remainder when 967 is divided by 10.
7
What is the remainder when 6929 is divided by 3448?
33
What is the remainder when 3198 is divided by 80?
78
Calculate the remainder when 97 is divided by 18.
7
What is the remainder when 253 is divided by 15?
13
What is the remainder when 489 is divided by 18?
3
What is the remainder when 402 is divided by 123?
33
What is the remainder when 61 is divided by 8?
5
Calculate the remainder when 290 is divided by 256.
34
Calculate the remainder when 1817 is divided by 603.
8
What is the remainder when 179 is divided by 19?
8
What is the remainder when 10148 is divided by 25?
23
Calculate the remainder when 1274 is divided by 15.
14
Calculate the remainder when 557 is divided by 31.
30
What is the remainder when 2684 is divided by 6?
2
Calculate the remainder when 607 is divided by 201.
4
What is the remainder when 33 is divided by 24?
9
What is the remainder when 5542 is divided by 67?
48
Calculate the remainder when 350 is divided by 114.
8
Calculate the remainder when 393 is divided by 99.
96
What is the remainder when 596 is divided by 141?
32
What is the remainder when 729 is divided by 52?
1
Calculate the remainder when 4422 is divided by 4413.
9
What is the remainder when 732 is divided by 46?
42
What is the remainder when 101 is divided by 15?
11
What is the remainder when 4827 is divided by 21?
18
Calculate the remainder when 12505 is divided by 90.
85
What is the remainder when 534 is divided by 18?
12
Calculate the remainder when 17632 is divided by 77.
76
What is the remainder when 3843 is divided by 155?
123
Calculate the remainder when 431 is divided by 27.
26
Calculate the remainder when 6861 is divided by 33.
30
Calculate the remainder when 189 is divided by 107.
82
Calculate the remainder when 310 is divided by 32.
22
What is the remainder when 48 is divided by 33?
15
Calculate the remainder when 44 is divided by 16.
12
What is the remainder when 160 is divided by 42?
34
What is the remainder when 1003 is divided by 165?
13
What is the remainder when 58 is divided by 5?
3
Calculate the remainder when 47 is divided by 15.
2
Calculate the remainder when 695 is divided by 25.
20
Calculate the remainder when 1091 is divided by 100.
91
What is the remainder when 272 is divided by 21?
20
What is the remainder when 4014 is divided by 7?
3
What is the remainder when 485 is divided by 27?
26
What is the remainder when 22229 is divided by 28?
25
What is the remainder when 803 is divided by 393?
17
Calculate the remainder when 461 is divided by 22.
21
Calculate the remainder when 340 is divided by 11.
10
Calculate the remainder when 686 is divided by 31.
4
What is the remainder when 590 is divided by 14?
2
What is the remainder when 99 is divided by 35?
29
What is the remainder when 336 is divided by 17?
13
What is the remainder when 13873 is divided by 375?
373
Calculate the remainder when 2547 is divided by 73.
65
What is the remainder when 26691 is divided by 13344?
3
What is the remainder when 125 is divided by 40?
5
What is the remainder when 241 is divided by 165?
76
Calculate the remainder when 850 is divided by 15.
10
Calculate the remainder when 475 is divided by 15.
10
Calculate the remainder when 614 is divided by 2.
0
Calculate the remainder when 431 is divided by 125.
56
Calculate the remainder when 3835 is divided by 7.
6
What is the remainder when 2021 is divided by 119?
117
What is the remainder when 225 is divided by 41?
20
What is the remainder when 336 is divided by 100?
36
Calculate the remainder when 628 is divided by 304.
20
Calculate the remainder when 834 is divided by 42.
36
Calculate the remainder when 933 is divided by 157.
148
Calculate the remainder when 753 is divided by 27.
24
What is the remainder when 814 is divided by 24?
22
What is the remainder when 197 is divided by 16?
5
Calculate the remainder when 124 is divided by 51.
22
What is the remainder when 2829 is divided by 59?
56
Calculate the remainder when 924 is divided by 261.
141
What is the remainder when 8138 is divided by 148?
146
Calculate the remainder when 49 is divided by 40.
9
Calculate the remainder when 87 is divided by 5.
2
What is the remainder when 535 is divided by 58?
13
Calculate the remainder when 288 is divided by 20.
8
What is the remainder when 309 is divided by 101?
6
What is the remainder when 120 is divided by 24?
0
Calculate the remainder when 685 is divided by 17.
5
What is the remainder when 154 is divided by 31?
30
What is the remainder when 2649 is divided by 263?
19
What is the remainder when 1963 is divided by 41?
36
Calculate the remainder when 13982 is divided by 16.
14
Calculate the